{"id":103735,"date":"2022-05-24T10:05:17","date_gmt":"2022-05-24T08:05:17","guid":{"rendered":"https:\/\/www.stainlesstec.de\/wordpress\/?page_id=103735"},"modified":"2022-12-05T16:36:44","modified_gmt":"2022-12-05T15:36:44","slug":"stainlesstec_technik","status":"publish","type":"page","link":"https:\/\/www.stainlesstec.de\/wordpress\/stainlesstec_technik\/","title":{"rendered":"stainlesstec_technik"},"content":{"rendered":"<div class=\"wpb-content-wrapper\"><p>[vc_row row_height_percent=&#8220;0&#8243; override_padding=&#8220;yes&#8220; h_padding=&#8220;2&#8243; top_padding=&#8220;3&#8243; bottom_padding=&#8220;3&#8243; overlay_alpha=&#8220;50&#8243; equal_height=&#8220;yes&#8220; gutter_size=&#8220;4&#8243; column_width_percent=&#8220;100&#8243; shift_y=&#8220;0&#8243; z_index=&#8220;0&#8243; uncode_shortcode_id=&#8220;425342&#8243; row_name=&#8220;Technik&#8220;][vc_column column_width_percent=&#8220;100&#8243; position_vertical=&#8220;middle&#8220; gutter_size=&#8220;3&#8243; overlay_alpha=&#8220;50&#8243; shift_x=&#8220;0&#8243; shift_y=&#8220;0&#8243; shift_y_down=&#8220;0&#8243; z_index=&#8220;0&#8243; medium_width=&#8220;0&#8243; mobile_width=&#8220;0&#8243; width=&#8220;1\/1&#8243; uncode_shortcode_id=&#8220;515675&#8243;][vc_custom_heading text_color=&#8220;color-153147&#8243; heading_semantic=&#8220;h3&#8243; text_size=&#8220;fontsize-326181&#8243; uncode_shortcode_id=&#8220;126581&#8243; text_color_type=&#8220;uncode-palette&#8220;]Technische Verfahren<br \/>\n[\/vc_custom_heading][vc_empty_space empty_h=&#8220;2&#8243;][vc_column_text text_lead=&#8220;yes&#8220; uncode_shortcode_id=&#8220;624002&#8243;]<\/p>\n<p style=\"text-align: left;\">Wir k\u00f6nnen fast alles. Unsere umfangreich qualifizierten Mitarbeiter beherrschen ein gro\u00dfes Spektrum an Verfahren zur Blechbearbeitung. Sollten Sie einen sehr speziellen Bedarf haben, dann greifen wir auf unser Netzwerk mit Partnerfirmen im Nahbereich zur\u00fcck.<\/p>\n<p>[\/vc_column_text][vc_accordion][vc_accordion_tab gutter_size=&#8220;2&#8243; column_padding=&#8220;2&#8243; title=&#8220;Laser&#8220; tab_id=&#8220;1653379170-1-39&#8243;][vc_single_image media=&#8220;103736&#8243; media_width_percent=&#8220;80&#8243; uncode_shortcode_id=&#8220;230746&#8243; el_class=&#8220;text-center&#8220;][vc_column_text text_lead=&#8220;yes&#8220; uncode_shortcode_id=&#8220;139618&#8243; css=&#8220;.vc_custom_1653381316942{padding-right: 10% !important;padding-left: 10% !important;}&#8220;]<strong>Laserschneiden:<\/strong> bis zu Gro\u00dfformaten mit 1500 x 3000 mm und 20 mm Materialst\u00e4rke<\/p>\n<p style=\"text-align: left;\"><strong>Laser-Stanz-Kombination<\/strong>: bis zu Gro\u00dfformaten 1500 x 3000 mm und 8 mm Materialst\u00e4rke mit Stanzen, Gewindeformen, Kiemen, Nibbeln, Sicken, Rollsicken<\/p>\n<p>[\/vc_column_text][\/vc_accordion_tab][vc_accordion_tab gutter_size=&#8220;2&#8243; column_padding=&#8220;2&#8243; title=&#8220;Walzen&#8220; tab_id=&#8220;1653379742415-2-10&#8243;][vc_single_image media=&#8220;104219&#8243; media_width_percent=&#8220;80&#8243; uncode_shortcode_id=&#8220;978979&#8243; el_class=&#8220;text-center&#8220;][vc_column_text text_lead=&#8220;yes&#8220; uncode_shortcode_id=&#8220;107289&#8243; css=&#8220;.vc_custom_1653381288232{padding-right: 10% !important;padding-left: 10% !important;}&#8220;]<strong>Richtwalzen:<\/strong> bis 1500 mm Breite und 12 mm Materialst\u00e4rke<\/p>\n<p><strong>Rundwalzen:<\/strong> bis 2000 mm Breite und 6 mm Materialst\u00e4rke[\/vc_column_text][\/vc_accordion_tab][vc_accordion_tab gutter_size=&#8220;2&#8243; column_padding=&#8220;2&#8243; title=&#8220;Kanten&#8220; tab_id=&#8220;1653379811230-2-6&#8243;][vc_single_image media=&#8220;103746&#8243; media_width_percent=&#8220;80&#8243; uncode_shortcode_id=&#8220;207666&#8243; el_class=&#8220;text-center&#8220;][vc_column_text text_lead=&#8220;yes&#8220; uncode_shortcode_id=&#8220;284383&#8243; css=&#8220;.vc_custom_1653381328968{padding-right: 10% !important;padding-left: 10% !important;}&#8220;]<strong>Kanten:<\/strong> CNC-Kanten bis 3000 mm Breite und 15 mm Materialst\u00e4rke[\/vc_column_text][\/vc_accordion_tab][vc_accordion_tab gutter_size=&#8220;2&#8243; column_padding=&#8220;2&#8243; title=&#8220;Schwei\u00dfen&#8220; tab_id=&#8220;1653379888090-3-1&#8243;][vc_single_image media=&#8220;103747&#8243; media_width_percent=&#8220;80&#8243; uncode_shortcode_id=&#8220;122909&#8243; el_class=&#8220;text-center&#8220;][vc_column_text text_lead=&#8220;yes&#8220; uncode_shortcode_id=&#8220;168322&#8243; css=&#8220;.vc_custom_1653381339982{padding-right: 10% !important;padding-left: 10% !important;}&#8220;]<strong>Laserschwei\u00dfen:<\/strong> CNC-gesteuertes 3D-Laserschwei\u00dfen mit 8 Achsen<\/p>\n<p><strong>WIG oder MIG-Schwei\u00dfen:<\/strong> mit Formieren<\/p>\n<p><strong>Maschinelles L\u00e4ngsnahtschwei\u00dfen:<\/strong> bis 2500mm[\/vc_column_text][\/vc_accordion_tab][vc_accordion_tab gutter_size=&#8220;2&#8243; column_padding=&#8220;2&#8243; title=&#8220;Schleifen&#8220; tab_id=&#8220;1653380388523-4-9&#8243;][vc_single_image media=&#8220;103749&#8243; media_width_percent=&#8220;80&#8243; uncode_shortcode_id=&#8220;503556&#8243; el_class=&#8220;text-center&#8220;][vc_column_text text_lead=&#8220;yes&#8220; uncode_shortcode_id=&#8220;125225&#8243; css=&#8220;.vc_custom_1653381349796{padding-right: 10% !important;padding-left: 10% !important;}&#8220;]<strong>Schliffbildherstellung:<\/strong> von Hand oder maschinell auf Zweibandschleifmaschine bis Korn 400<\/p>\n<p><strong>Bauteile:<\/strong> Finishing bis 3000 mm L\u00e4nge<\/p>\n<p><strong>Industrieschliff:<\/strong> bis 1500 mm Breite[\/vc_column_text][\/vc_accordion_tab][vc_accordion_tab gutter_size=&#8220;2&#8243; column_padding=&#8220;2&#8243; title=&#8220;Montage&#8220; tab_id=&#8220;1653380451723-5-6&#8243;][vc_single_image media=&#8220;103751&#8243; media_width_percent=&#8220;80&#8243; uncode_shortcode_id=&#8220;499816&#8243; el_class=&#8220;text-center&#8220;][vc_column_text text_lead=&#8220;yes&#8220; uncode_shortcode_id=&#8220;103817&#8243; css=&#8220;.vc_custom_1653381360972{padding-right: 10% !important;padding-left: 10% !important;}&#8220;]Montage von mechanischen, hydraulischen oder pneumatischen Baugruppen und Systemkomponenten, inkl. der elektrischen Verkabelung.<\/p>\n<p>Montage und \u00dcberpr\u00fcfung der Steuerung<\/p>\n<p>Steckerfertige Ger\u00e4te<\/p>\n<p>Elektrische Pr\u00fcfung im Haus m\u00f6glich<\/p>\n<p>Reparatur Ihrer Prozess-\/Druckbeh\u00e4lter Vorort[\/vc_column_text][\/vc_accordion_tab][vc_accordion_tab gutter_size=&#8220;2&#8243; column_padding=&#8220;2&#8243; title=&#8220;S\u00e4gen&#8220; tab_id=&#8220;1653380531204-6-9&#8243;][vc_single_image media=&#8220;103752&#8243; media_width_percent=&#8220;80&#8243; uncode_shortcode_id=&#8220;191963&#8243; el_class=&#8220;text-center&#8220;][vc_column_text text_lead=&#8220;yes&#8220; uncode_shortcode_id=&#8220;143216&#8243; css=&#8220;.vc_custom_1670254601829{padding-right: 10% !important;padding-left: 10% !important;}&#8220;]Der Kasto-S\u00e4geautomat schneidet alle Voll und Hohlmaterialien sauber und exakt im gew\u00fcnschten Gehrungswinkel.[\/vc_column_text][\/vc_accordion_tab][\/vc_accordion][\/vc_column][\/vc_row][vc_row row_height_percent=&#8220;10&#8243; back_color=&#8220;color-lxmt&#8220; overlay_alpha=&#8220;50&#8243; gutter_size=&#8220;0&#8243; column_width_percent=&#8220;100&#8243; shift_y=&#8220;0&#8243; z_index=&#8220;0&#8243; enable_top_divider=&#8220;default&#8220; top_divider=&#8220;arrow&#8220; shape_top_h_use_pixel=&#8220;&#8220; shape_top_height=&#8220;30&#8243; shape_top_color=&#8220;color-xsdn&#8220; shape_top_opacity=&#8220;100&#8243; shape_top_ratio=&#8220;yes&#8220; shape_top_index=&#8220;0&#8243; shape_top_responsive=&#8220;yes&#8220; shape_top_tablet_hide=&#8220;yes&#8220; shape_top_mobile_hide=&#8220;yes&#8220; uncode_shortcode_id=&#8220;193569&#8243; back_color_type=&#8220;uncode-palette&#8220; shape_top_color_type=&#8220;uncode-palette&#8220; row_name=&#8220;Maschinen&#8220;][vc_column column_width_percent=&#8220;100&#8243; gutter_size=&#8220;0&#8243; overlay_alpha=&#8220;50&#8243; shift_x=&#8220;0&#8243; shift_y=&#8220;0&#8243; shift_y_down=&#8220;0&#8243; z_index=&#8220;0&#8243; medium_width=&#8220;0&#8243; mobile_width=&#8220;0&#8243; width=&#8220;1\/1&#8243; uncode_shortcode_id=&#8220;435790&#8243;][vc_empty_space empty_h=&#8220;2&#8243;][vc_custom_heading text_color=&#8220;color-153147&#8243; heading_semantic=&#8220;h3&#8243; text_size=&#8220;fontsize-326181&#8243; uncode_shortcode_id=&#8220;819836&#8243; text_color_type=&#8220;uncode-palette&#8220;]Maschinen[\/vc_custom_heading][vc_empty_space empty_h=&#8220;2&#8243;][vc_column_text text_lead=&#8220;yes&#8220; uncode_shortcode_id=&#8220;202848&#8243;]<\/p>\n<p style=\"text-align: left;\">F\u00fcr unser starkes Material und komplexe Geometrien haben wir nicht nur das richtige H\u00e4ndchen, sondern auch einen umfangreichen, modernen Maschinenpark.<\/p>\n<p>[\/vc_column_text][vc_empty_space empty_h=&#8220;2&#8243;][vc_accordion][vc_accordion_tab gutter_size=&#8220;2&#8243; column_padding=&#8220;2&#8243; title=&#8220;Amada HFY 400 W&#8220; tab_id=&#8220;1653382095-1-89&#8243;][vc_single_image media=&#8220;103757&#8243; media_width_percent=&#8220;80&#8243; uncode_shortcode_id=&#8220;200048&#8243; el_class=&#8220;text-center&#8220;][vc_column_text text_lead=&#8220;yes&#8220; uncode_shortcode_id=&#8220;100307&#8243; css=&#8220;.vc_custom_1653382229010{padding-right: 10% !important;padding-left: 10% !important;}&#8220;]<\/p>\n<p style=\"text-align: left;\">Kompakter, robuster Volls\u00e4geautomat in stabiler Ausf\u00fchrung mit Schwenkgelenk. Mit ihm trennen wir Voll-, Form- und Hohlmaterialen in allen Werkstoffqualit\u00e4ten. Dazu geh\u00f6ren auch Edelstahl und Titan. Wir s\u00e4gen einzeln oder im B\u00fcndel.<\/p>\n<p>[\/vc_column_text][\/vc_accordion_tab][vc_accordion_tab gutter_size=&#8220;2&#8243; column_padding=&#8220;2&#8243; title=&#8220;Blechrichtmaschine Ungerer&#8220; tab_id=&#8220;1653382095-2-44&#8243;][vc_single_image media=&#8220;103758&#8243; media_width_percent=&#8220;80&#8243; media_ratio=&#8220;three-two&#8220; uncode_shortcode_id=&#8220;976396&#8243; el_class=&#8220;text-center&#8220;][vc_column_text text_lead=&#8220;yes&#8220; uncode_shortcode_id=&#8220;125486&#8243; css=&#8220;.vc_custom_1653382743346{padding-right: 10% !important;padding-left: 10% !important;}&#8220;]<\/p>\n<p style=\"text-align: left;\">Unsere Platinenrichtmaschine entspannt und richtet zuverl\u00e4ssig Bleche und Teilezuschnitte. Davon profitieren die nachfolgenden Produktionsprozesse.<\/p>\n<p>[\/vc_column_text][\/vc_accordion_tab][vc_accordion_tab gutter_size=&#8220;2&#8243; column_padding=&#8220;2&#8243; title=&#8220;TruLaser 3030 mit Loadmaster&#8220; tab_id=&#8220;1653382828382-2-2&#8243;][vc_single_image media=&#8220;103759&#8243; media_width_percent=&#8220;80&#8243; uncode_shortcode_id=&#8220;963527&#8243; el_class=&#8220;text-center&#8220;][vc_column_text text_lead=&#8220;yes&#8220; uncode_shortcode_id=&#8220;111041&#8243; css=&#8220;.vc_custom_1653382893162{padding-right: 10% !important;padding-left: 10% !important;}&#8220;]<\/p>\n<p style=\"text-align: left;\">Die innovative CoolLine-Ausstattung kombiniert mit einem starken TruFlo 5000-Laser macht unseren Laser von Trumpf zum optimalen Werkzeug f\u00fcr starke Materialien und komplexe Geometrien. Mit ihm k\u00f6nnen wir Edelstahl bis 20 mm so pr\u00e4zise und sauber konturieren, dass die Stege zwischen den Blechteilen sehr d\u00fcnn ausfallen. Das spart Material und erh\u00f6ht die Qualit\u00e4t des Produkts.<\/p>\n<p>[\/vc_column_text][\/vc_accordion_tab][vc_accordion_tab gutter_size=&#8220;2&#8243; column_padding=&#8220;2&#8243; title=&#8220;TruMatic 7000&#8243; tab_id=&#8220;1653383328192-3-4&#8243;][vc_single_image media=&#8220;103760&#8243; media_width_percent=&#8220;80&#8243; uncode_shortcode_id=&#8220;123952&#8243; el_class=&#8220;text-center&#8220;][vc_column_text text_lead=&#8220;yes&#8220; uncode_shortcode_id=&#8220;148096&#8243; css=&#8220;.vc_custom_1653383426372{padding-right: 10% !important;padding-left: 10% !important;}&#8220;]<\/p>\n<p style=\"text-align: left;\">Wenn die Anforderungen an Qualit\u00e4t, Produktivit\u00e4t und Flexibilit\u00e4t sehr hoch sind, ist die TruMatic 7000 gefragt. Dieser neue Stanzlaser \u00fcbernimmt zahlreiche Umformungen mit automatischem Werkzeugwechsel. Er stanzt s\u00e4mtliche Lochbilder ab 0,8 Millimeter. Das er\u00f6ffnet uns viele M\u00f6glichkeiten: Er ist als Napf-, Durchzug-, Stanz- und Pr\u00e4gewerkzeug einsetzbar und um Gewinde und L\u00fcftungskiemen (fix und endlos) zu formen.<\/p>\n<p><strong>Blechst\u00e4rke:<\/strong> bis 8,0 mm Stahl, Edelstahl, Aluminium<\/p>\n<p><strong>Blechformat:<\/strong> bis 1500 x 3000 mm<\/p>\n<p><strong>Gewindeformen:<\/strong> M3 bis M8[\/vc_column_text][\/vc_accordion_tab][vc_accordion_tab gutter_size=&#8220;2&#8243; column_padding=&#8220;2&#8243; title=&#8220;TimeSavers 10er Serie&#8220; tab_id=&#8220;1653383463135-4-4&#8243;][vc_single_image media=&#8220;103761&#8243; media_width_percent=&#8220;80&#8243; uncode_shortcode_id=&#8220;144152&#8243; el_class=&#8220;text-center&#8220;][vc_column_text text_lead=&#8220;yes&#8220; uncode_shortcode_id=&#8220;640596&#8243; css=&#8220;.vc_custom_1653383526934{padding-right: 10% !important;padding-left: 10% !important;}&#8220;]<\/p>\n<p style=\"text-align: left;\">Diese manuell bedienbare Entgratmaschine ist zum Schleifen, Entgraten, Kanten abrunden und Polieren geeignet \u2013 und zwar bei unterschiedlichen Materialien. Der Schleifkopf mit zwei rotierenden Schleifscheiben ist an einen Schwenkarm montiert. Die Geschwindigkeit der Maschine ist stufenlos einstellbar. Sie hat ein Vakuumtischsystem, um Platinen und Werkst\u00fccke zu fixieren. Mit dem schwenkbaren Schleifkopf k\u00f6nnen wir alle Kanten pr\u00e4zise bearbeiten.<\/p>\n<p>[\/vc_column_text][\/vc_accordion_tab][vc_accordion_tab gutter_size=&#8220;2&#8243; column_padding=&#8220;2&#8243; title=&#8220;Platinenfolieranlage&#8220; tab_id=&#8220;1653383539782-5-9&#8243;][vc_single_image media=&#8220;103763&#8243; media_width_percent=&#8220;80&#8243; uncode_shortcode_id=&#8220;157213&#8243; el_class=&#8220;text-center&#8220;][vc_column_text text_lead=&#8220;yes&#8220; uncode_shortcode_id=&#8220;153261&#8243; css=&#8220;.vc_custom_1653383586053{padding-right: 10% !important;padding-left: 10% !important;}&#8220;]<\/p>\n<p style=\"text-align: left;\">Kratzerfrei gibt es nicht, sagt die DIN. Wir geben dennoch alles daf\u00fcr! Empfindliche Oberfl\u00e4chen sch\u00fctzen wir im Produktionsprozess mit Sorgfalt und ziehen wo immer m\u00f6glich Originalschutzfolien auf. Diese Folien begleiten den ganzen Produktionsprozess bis zur Endmontage und zum Kunden. Besser geht es nicht.<\/p>\n<p>[\/vc_column_text][\/vc_accordion_tab][vc_accordion_tab gutter_size=&#8220;2&#8243; column_padding=&#8220;2&#8243; title=&#8220;Schwenkbiegemaschinen Fasti&#8220; tab_id=&#8220;1653383611401-6-1&#8243;][vc_single_image media=&#8220;103764&#8243; media_width_percent=&#8220;80&#8243; uncode_shortcode_id=&#8220;147428&#8243; el_class=&#8220;text-center&#8220;][vc_column_text text_lead=&#8220;yes&#8220; uncode_shortcode_id=&#8220;158537&#8243; css=&#8220;.vc_custom_1653383656243{padding-right: 10% !important;padding-left: 10% !important;}&#8220;]<\/p>\n<p style=\"text-align: left;\">Diese drei Schwenkbiegemaschinen sind ideal zum Biegen von fl\u00e4chigen Blechen, die am Rand oder in der Fl\u00e4che umgeformt werden sollen. Beim Biegen bleibt das Blech auf dem Hochhaltesystem der Maschine liegen. Der Bediener muss das Gewicht nicht halten und auch das Blech beim Biegen nicht hochf\u00fchren. Dadurch kann er selbst gro\u00dfe und schwere Bleche alleine handhaben und die Maschine arbeitet besonders pr\u00e4zise.<\/p>\n<p>[\/vc_column_text][\/vc_accordion_tab][vc_accordion_tab gutter_size=&#8220;2&#8243; column_padding=&#8220;2&#8243; title=&#8220;TruBend 7030, TruBend 5085 und TrumaBend V230&#8243; tab_id=&#8220;1653383686076-7-6&#8243;][vc_single_image media=&#8220;103765&#8243; media_width_percent=&#8220;80&#8243; uncode_shortcode_id=&#8220;179282&#8243; el_class=&#8220;text-center&#8220;][vc_column_text text_lead=&#8220;yes&#8220; uncode_shortcode_id=&#8220;197837&#8243; css=&#8220;.vc_custom_1653383718095{padding-right: 10% !important;padding-left: 10% !important;}&#8220;]<\/p>\n<p style=\"text-align: left;\">Beim Gesenk-Biegen und Abkanten wird das Blech durch eine kontrollierte Abw\u00e4rtsbewegung des Pressbalkens gebogen. Diese Maschinen dr\u00fccken das flache Blech mit einem Oberwerkzeug in ein V-f\u00f6rmiges Unterwerkzeug (Matritze). Dadurch wird es gradlinig umgeformt. Die Hinteranschl\u00e4ge sorgen daf\u00fcr, dass ein Werkst\u00fcck exakt positioniert wird. Und die lasergesteuerte Kontrolle der Winkel garantiert h\u00f6chste Pr\u00e4zision beim Abkanten.<\/p>\n<p>[\/vc_column_text][\/vc_accordion_tab][\/vc_accordion][vc_empty_space empty_h=&#8220;2&#8243;][\/vc_column][\/vc_row][vc_row unlock_row_content=&#8220;yes&#8220; row_height_percent=&#8220;0&#8243; override_padding=&#8220;yes&#8220; h_padding=&#8220;2&#8243; top_padding=&#8220;2&#8243; bottom_padding=&#8220;0&#8243; back_color=&#8220;color-155512&#8243; overlay_alpha=&#8220;50&#8243; gutter_size=&#8220;0&#8243; column_width_percent=&#8220;100&#8243; shift_y=&#8220;0&#8243; z_index=&#8220;0&#8243; enable_top_divider=&#8220;default&#8220; top_divider=&#8220;arrow&#8220; shape_top_h_use_pixel=&#8220;&#8220; shape_top_height=&#8220;30&#8243; shape_top_color=&#8220;color-lxmt&#8220; shape_top_opacity=&#8220;100&#8243; shape_top_ratio=&#8220;yes&#8220; shape_top_index=&#8220;0&#8243; shape_top_responsive=&#8220;yes&#8220; shape_top_tablet_hide=&#8220;yes&#8220; shape_top_mobile_hide=&#8220;yes&#8220; uncode_shortcode_id=&#8220;213937&#8243; back_color_type=&#8220;uncode-palette&#8220; shape_top_color_type=&#8220;uncode-palette&#8220;][vc_column column_width_percent=&#8220;100&#8243; gutter_size=&#8220;0&#8243; back_color=&#8220;color-155512&#8243; overlay_alpha=&#8220;50&#8243; shift_x=&#8220;0&#8243; shift_y=&#8220;0&#8243; shift_y_down=&#8220;0&#8243; z_index=&#8220;0&#8243; medium_width=&#8220;0&#8243; mobile_width=&#8220;0&#8243; width=&#8220;1\/1&#8243; uncode_shortcode_id=&#8220;146779&#8243; back_color_type=&#8220;uncode-palette&#8220;][vc_empty_space empty_h=&#8220;0&#8243;][\/vc_column][\/vc_row]<\/p>\n<\/div>","protected":false},"excerpt":{"rendered":"<p>[vc_row row_height_percent=&#8220;0&#8243; override_padding=&#8220;yes&#8220; h_padding=&#8220;2&#8243; top_padding=&#8220;3&#8243; bottom_padding=&#8220;3&#8243; overlay_alpha=&#8220;50&#8243; equal_height=&#8220;yes&#8220; gutter_size=&#8220;4&#8243; column_width_percent=&#8220;100&#8243; shift_y=&#8220;0&#8243; z_index=&#8220;0&#8243; uncode_shortcode_id=&#8220;425342&#8243; row_name=&#8220;Technik&#8220;][vc_column column_width_percent=&#8220;100&#8243; position_vertical=&#8220;middle&#8220; gutter_size=&#8220;3&#8243; overlay_alpha=&#8220;50&#8243; shift_x=&#8220;0&#8243; shift_y=&#8220;0&#8243; [&hellip;]<\/p>\n","protected":false},"author":1,"featured_media":0,"parent":0,"menu_order":35,"comment_status":"closed","ping_status":"closed","template":"","meta":{"footnotes":""},"class_list":["post-103735","page","type-page","status-publish","hentry"],"_links":{"self":[{"href":"https:\/\/www.stainlesstec.de\/wordpress\/wp-json\/wp\/v2\/pages\/103735","targetHints":{"allow":["GET"]}}],"collection":[{"href":"https:\/\/www.stainlesstec.de\/wordpress\/wp-json\/wp\/v2\/pages"}],"about":[{"href":"https:\/\/www.stainlesstec.de\/wordpress\/wp-json\/wp\/v2\/types\/page"}],"author":[{"embeddable":true,"href":"https:\/\/www.stainlesstec.de\/wordpress\/wp-json\/wp\/v2\/users\/1"}],"replies":[{"embeddable":true,"href":"https:\/\/www.stainlesstec.de\/wordpress\/wp-json\/wp\/v2\/comments?post=103735"}],"version-history":[{"count":0,"href":"https:\/\/www.stainlesstec.de\/wordpress\/wp-json\/wp\/v2\/pages\/103735\/revisions"}],"wp:attachment":[{"href":"https:\/\/www.stainlesstec.de\/wordpress\/wp-json\/wp\/v2\/media?parent=103735"}],"curies":[{"name":"wp","href":"https:\/\/api.w.org\/{rel}","templated":true}]}}